re the prime factors of a?
2, 3
Let m = -3 - 0. Let p be (15/(-9))/(1/m). Suppose 2*f = -3*g + 32, -4*g = p*f - 0*f - 31. List the prime factors of g.
2, 7
Let v(b) = b**3 - 6*b**2 - 6*b. Let r be v(7). Let z(f) = f**3 - 5*f**2 - 10*f + 6. List the prime factors of z(r).
2, 17
Let k = -4 - -7. List the prime factors of k.
3
Suppose 101 = x - 0*x. Suppose -3*c = -4*i + x, i + i = -4*c + 56. What are the prime factors of i?
2, 13
Suppose 4*q + 13 = s - q, -2*q - 6 = 0. Let l(r) = 2*r**2 + r + 1. What are the prime factors of l(s)?
7
Suppose 0*p + 8 = p. Let f(a) = -4 + 0 - p*a + 0*a**2 - a**2. What are the prime factors of f(-6)?
2
Let c be (0 - 1) + 0 + 1. Let y = 2 + c. Suppose -25 = -3*b + y*k, 29 = b + 4*b + 3*k. What are the prime factors of b?
7
Let j(h) = -h**2 - 8*h + 12. Let f be j(-9). Suppose -o - 2 = -f. List the prime factors of (11/3)/(o/3).
11
Let y = 207 + -93. What are the prime factors of y?
2, 3, 19
Let r = -48 - -86. What are the prime factors of r?
2, 19
Let k(s) = 2*s - 4. What are the prime factors of k(15)?
2, 13
Let o(i) = -i + 1. Suppose 2*r = -2 - 4. List the prime factors of o(r).
2
Let s = 7 + 0. Suppose 6*n - 6 = s*n - 2*i, -4*n - 3*i + 20 = 0. What are the prime factors of n?
2
Suppose -3*o = -2*o - 60. What are the prime factors of o?
2, 3, 5
Suppose -2*k + 5*u = u, k + 3*u = 10. Suppose -3*c - 18 = -k*c. What are the prime factors of c?
2, 3
Let m be (-3)/6*-1*0. Suppose -s + 16 = 3*b, -5*b + s + 0*s + 16 = m. What are the prime factors of ((-10)/4)/(b/(-8))?
5
Let r = 47 - 27. Let s = r - 11. What are the prime factors of s?
3
Let n be (-4)/(-2) - (-1)/1. Suppose n*s - 5*y - 11 = 3, -16 = -5*s + y. List the prime factors of (-4 + 3)/((-1)/s).
3
Let h(r) = 3*r**2 + 21*r - 10. What are the prime factors of h(6)?
2, 7
Suppose -3*f + 24 - 6 = 0. List the prime factors of f.
2, 3
Suppose -3*x + 5*o - 160 + 688 = 0, 858 = 5*x - o. Suppose 4*b - x + 7 = -5*q, -5*b + q + 234 = 0. List the prime factors of b.
2, 23
Let s = 2 + 0. Suppose 3*x - 7 = h, s*h + 3*h - 19 = -3*x. Let o(l) = l**3 - 2*l. What are the prime factors of o(h)?
2
Suppose -3 - 1 = -2*q. Suppose -1 = 5*i + 3*y, -4*i + 4*y - 2 + 14 = 0. Suppose -2 = n - i, -5*t + q*n = -72. List the prime factors of t.
2, 7
Suppose 5*j = 2*v - 44, 0 = 6*v - 3*v - j - 40. Suppose -3*z + 4*z + 54 = 3*l, -2*l + 8 = 0. What are the prime factors of v/z - (-30)/7?
2
What are the prime factors of (-4)/(-6) + (-1)/(9/(-273))?
31
Let n(j) = -j**3 + 4*j**2 + 6*j. Let q be n(5). Suppose g = -2*d - g + 24, -2*d - q*g = -30. What are the prime factors of d?
2, 5
Let l(z) = z**2 + 1 - z + 7*z - 3*z + 0*z. What are the prime factors of l(-4)?
5
Let g(s) = -s**3 - 2*s**2 + 7*s + 5. Suppose 2*n = 6*n + 16. What are the prime factors of g(n)?
3
Let q(h) = -2*h. Let o be q(-2). Suppose o*p - p - 3 = 0. List the prime factors of 12 + 0/(-1 - p).
2, 3
Suppose -4*i - 28 = 16. Suppose -3*q + q - 16 = d, 4*d - q = -64. Let z = i - d. List the prime factors of z.
5
Suppose 8*f - 3*f = 10, -g = 4*f - 13. Suppose -g*w - 5 = -50. List the prime factors of w.
3
Suppose 0 = -2*p + 5*u + 29, 50 = p + 2*p - u. What are the prime factors of p?
17
Suppose -7*t + 10 = -2*t. Suppose -2*y = 2*y - 20. Suppose -t*l - 4*a = l + 10, -5*l + y*a = -30. What are the prime factors of l?
2
Let f = 2 + -5. Let x = f - -6. Suppose x*u - 8*u + 38 = -2*d, 0 = u - 4*d - 22. List the prime factors of u.
2, 3
Let d be (1 + 1)*25/10. Let o = -2 + d. List the prime factors of ((-6)/5)/(o/(-20)).
2
Suppose 5*b + 2*o - 165 = -2*o, 20 = -4*o. List the prime factors of b.
37
Suppose -3*z + 22 = -23. List the prime factors of z.
3, 5
Suppose -167 = -2*s + 137. What are the prime factors of s?
2, 19
Let z(d) = 4*d**2 - 2*d + 1. List the prime factors of z(1).
3
Let y(x) = x**2 + 5*x - 3. Let t be y(-6). Suppose -4*m = 2*z + 8, 5*z + 2 = -4*m - 0*m. Suppose t*f - s = -z*s + 33, 3*s = f - 11. List the prime factors of f.
11
Suppose 0 = -5*a - 3*o - 24, 4*a + 0*o + 2*o = -18. Let q = a + 7. Suppose q*i - 66 = 6. List the prime factors of i.
2, 3
Let j(v) = v**2 - 7*v + 13. What are the prime factors of j(11)?
3, 19
Suppose 2*p = -0*p + 28. List the prime factors of p.
2, 7
Suppose -4*z + 75 + 25 = 0. What are the prime factors of z?
5
Suppose -2*n - 455 = -9*n. What are the prime factors of n?
5, 13
Suppose 2*k + 734 = 4*w + k, w + 2*k - 179 = 0. What are the prime factors of w?
3, 61
Let v = 194 - 77. What are the prime factors of v?
3, 13
What are the prime factors of (0 + 1)/(1/5)?
5
What are the prime factors of -23*(-112)/10 - (-6)/15?
2, 3, 43
Let t = 24 - -14. List the prime factors of t.
2, 19
Let i(o) = o**3 + 5*o**2 + 5*o + 3. Let b be i(-3). Let w be (-2 - -5)*b/3. Let f = 16 - w. List the prime factors of f.
2, 5
Suppose 5*n = i - 23, n + 4*n = 3*i - 29. Let a = i - -2. List the prime factors of a.
5
Suppose v = 3*l - 14, -3*v - v + 4 = 3*l. Suppose -l*w + 3 = -13. Suppose -w*y = -5*o + 61, 4*o - 14 = 2*y + 36. What are the prime factors of o?
13
Let l(d) = d**2 - 3*d + 0 - 2 + 0*d. What are the prime factors of l(4)?
2
Let c be (-8)/12 + 14/3. Let r = c + 1. Suppose -4*o - t + 39 = 0, r*o - o - 44 = 4*t. List the prime factors of o.
2, 5
Suppose 3*t + 4*a = 187, 5*t + 3*a - 152 = 167. Suppose 5 = 3*z - 2*z, -3*c + 4*z = t. What are the prime factors of -5*(21/c + -1)?
2, 3
Let x = -26 - -59. List the prime factors of x.
3, 11
Suppose 0 = -2*n + 2*o + 12, 3*n = -n + o + 27. Let d = 17 - n. Suppose -4*c + 2*c + d = 0. What are the prime factors of c?
5
Let h be 4/6*1*-3. Suppose 0 = -5*r + 25, 27 = -3*b + 3*r - 0*r. Let t = h - b. What are the prime factors of t?
2
Let d = 18 + -1. List the prime factors of d.
17
What are the prime factors of 362/(2 - 0/(-3))?
181
Let b(j) = 16*j. Let t(s) = 8*s. Let c(f) = -6*b(f) + 10*t(f). Let i = -5 - -4. What are the prime factors of c(i)?
2
Let d = -7 - -11. What are the prime factors of d?
2
Let h = -98 + 125. What are the prime factors of h?
3
What are the prime factors of ((-405)/20)/(3/(-12))?
3
Let g(d) = -d**3 + 16. Let r = 10 + -9. Let n be 6/24 - r/4. List the prime factors of g(n).
2
Let w = 20 + 13. List the prime factors of w.
3, 11
Let j(n) = n**2 + 7*n + 4. Let g be j(-7). Suppose g*q + 16 = 0, -5*f + q + 26 = -33. What are the prime factors of f?
11
Let i = 384 + -208. What are the prime factors of i?
2, 11
Let v(y) = y + 7. Let r be v(-3). Suppose 5*p - 7 = r*f + 6, 4*p = 5*f + 5. What are the prime factors of p?
5
Let t(b) = -b**3 + b**2 + 1. Let f be t(0). Let l be 1 - ((-2 - f) + 2). Suppose 0 = 4*g - l*g - 40. List the prime factors of g.
2, 5
Suppose -73 = -3*p + 5*w, 52 + 11 = 3*p - 3*w. List the prime factors of p.
2
Suppose -8*c + 80 = -3*c. What are the prime factors of 1*(c - -2) + 0?
2, 3
Suppose n + 2*l = 34, -n + 3*l + 39 = -0*n. Suppose y + n = 3*y. List the prime factors of y.
2, 3
Suppose -l + 0 - 4 = 0. List the prime factors of (-30)/l - (-7)/14.
2
Let z = 5 + -2. Suppose -s + 4*v + 5 - 12 = 0, -5*s - z*v + 11 = 0. What are the prime factors of 2/(s - 9/15)?
5
Suppose -m - 4 = -3*m. Suppose -2*a + 80 = 4*l, -5*l + 98 = m*a + a. What are the prime factors of l?
2, 11
Suppose -14 = 2*k + 4*l - 56, 3*k - 13 = 4*l. List the prime factors of k/((-1)/(0 - 1)).
11
Suppose 1 - 295 = -7*i. List the prime factors of i.
2, 3, 7
Let p = 11 - 2. Suppose -3*v + 24 + p = 0. What are the prime factors of v?
11
Let z be 2*((-8)/4 + -8). Let w = z + 42. What are the prime factors of w?
2, 11
Let p(t) = -t + 8. Let z be p(5). Suppose -z*r + r + 54 = 0. Suppose r = 4*y - 5. What are the prime factors of y?
2
What are the prime factors of (21/(-2))/((-1)/10)?
3, 5, 7
Suppose -3*g + 4 = -38. List the prime factors of g.
2, 7
Let u be 0/(3/(-3) + 2). Suppose 0*l + 2*q = -4*l - 34, u = 2*l + 5*q + 13. Let y = l - -18. List the prime factors of y.
3
Let l(b) = -b**3 + 2*b + 1. Let r be l(-1). What are the prime factors of 3/1 + r + 10?
13
Let x(p) = -p**3 - 13*p**2 - 13*p + 9. Let c be x(-12). Let g = c - 10. What are the prime factors of g?
11
Let g(r) = r**3 - 9*r**2 + r. Let d be g(9). Let i = 15 - d. Suppose -b = -i - 4. List the prime factors of b.
2, 5
Suppose -4*q - 3*f = -11, 3*q - 4*q - 2*f = -4. Suppose q*i = 7*i - 50. What are the prime factors of i?
2, 5
Wha